is -a - 12?
-1c
In base 3, what is -12001001 + -1?
-12001002
In base 8, what is 76 + 5?
103
In base 4, what is -2 + -1000?
-1002
In base 14, what is 1 - -53?
54
In base 15, what is 1a0 + -5?
19a
In base 11, what is 15a + -1?
159
In base 3, what is 1 + 2112220?
2112221
In base 12, what is -12 + -a1?
-b3
In base 7, what is 6 - -12?
21
In base 12, what is -19 - -23?
6
In base 11, what is -19 + 33?
15
In base 4, what is -3 - -112302?
112233
In base 3, what is -1001 - 22?
-1100
In base 6, what is -3 + -1020?
-1023
In base 9, what is -2244 - -11?
-2233
In base 12, what is 71 + a?
7b
In base 14, what is 3 - -179?
17c
In base 11, what is -593 - 2?
-595
In base 2, what is -1100011 - -10110?
-1001101
In base 12, what is -1 + 24?
23
In base 15, what is 5 + -a3?
-9d
In base 16, what is 4e8 + 3?
4eb
In base 10, what is 69 - -34?
103
In base 11, what is 744 + 0?
744
In base 3, what is 1011100 + -12?
1011011
In base 13, what is -916 + 6?
-910
In base 8, what is -1135 + 54?
-1061
In base 15, what is -54 + -2?
-56
In base 16, what is -e1 - 4?
-e5
In base 4, what is 10 - 31?
-21
In base 7, what is -3251 + -14?
-3265
In base 16, what is -f2f - -4?
-f2b
In base 7, what is 35 + -1151?
-1113
In base 12, what is 5 - a6?
-a1
In base 3, what is 111022220 - 11?
111022202
In base 11, what is 13 + -17?
-4
In base 4, what is -22031 - -1?
-22030
In base 2, what is 110 - 101?
1
In base 12, what is 28 + -39a?
-372
In base 16, what is 1 - -3e?
3f
In base 2, what is 11011 + 101011?
1000110
In base 5, what is 0 - 10112?
-10112
In base 15, what is 0 - 33?
-33
In base 12, what is 3 + ab?
b2
In base 7, what is -1513 - -5?
-1505
In base 15, what is -83 - 4?
-87
In base 9, what is 320 + 15?
335
In base 11, what is a + 7?
16
In base 8, what is 4345 + 2?
4347
In base 2, what is 111111110 - 0?
111111110
In base 15, what is d - 0?
d
In base 3, what is 122 + 0?
122
In base 13, what is -363 - 2?
-365
In base 5, what is 3140 - -10?
3200
In base 4, what is -2 + 2010?
2002
In base 4, what is -1011203 + -10?
-1011213
In base 10, what is -5 + 80?
75
In base 12, what is 3 + 1148?
114b
In base 12, what is 1 + -164?
-163
In base 14, what is 3 + -11?
-c
In base 3, what is 11011 + -120?
10121
In base 4, what is -2130 + -3?
-2133
In base 10, what is -1 - -1132?
1131
In base 4, what is 323 + 1320?
2303
In base 8, what is 20 - 12?
6
In base 15, what is -5c7 + -6?
-5cd
In base 14, what is -2 + 1d?
1b
In base 16, what is 17c3 + 2?
17c5
In base 3, what is -10 + -1011201?
-1011211
In base 15, what is d2 - 3?
ce
In base 14, what is -2 + -b2?
-b4
In base 8, what is 365 + 15?
402
In base 8, what is -2 + -1257?
-1261
In base 15, what is -2 + -10b?
-10d
In base 8, what is -1 + -171?
-172
In base 10, what is 78 + -2?
76
In base 7, what is -3 + 3262?
3256
In base 14, what is -1b - 8?
-25
In base 15, what is -29 - -7?
-22
In base 10, what is 5 + 89?
94
In base 10, what is 2014 - 1?
2013
In base 10, what is 0 + -50?
-50
In base 10, what is -234 + 4?
-230
In base 10, what is -611 + 5?
-606
In base 16, what is -2 - 7a?
-7c
In base 7, what is -304 - -3?
-301
In base 9, what is -157 - -2?
-155
In base 16, what is -4 - -26f?
26b
In base 16, what is 8 + 4?
c
In base 11, what is 100 + -4?
a7
In base 10, what is -820 + -2?
-822
In base 11, what is -60 + 1a?
-41
In base 4, what is 1220 + -230?
330
In base 7, what is -524 + 10?
-514
In base 13, what is -3 - 30?
-33
In base 5, what is 40020 + 14?
40034
In base 12, what is 177 - 0?
177
In base 16, what is -4cd - -3?
-4ca
In base 7, what is -1305 + 4?
-1301
In base 9, what is -14 - -124?
110
In base 5, what is -144 + -22?
-221
In base 6, what is 452 + 154?
1050
In base 8, what is -1 - -7566?
7565
In base 9, what is -2 - -1128?
1126
In base 8, what is -61 - -102?
21
In base 15, what is -6 + 3?
-3
In base 12, what is 19 + -8?
11
In base 2, what is -11 - 1001101001?
-1001101100
In base 10, what is 122 - 0?
122
In base 8, what is 1 - 342?
-341
In base 10, what is 5539 - 5?
5534
In base 15, what is d9 + -3?
d6
In base 9, what is -303 - -1?
-302
In base 4, what is -21301 + -10?
-21311
In base 6, what is 10 - 1?
5
In base 15, what is 0 - -c0?
c0
In base 4, what is 13 - -1233?
1312
In base 9, what is -166 + -18?
-185
In base 8, what is -14 + -4?
-20
In base 16, what is -5 + 16f?
16a
In base 13, what is -5 + 2c?
27
In base 6, what is 1241143 + 4?
1241151
In base 16, what is -6 - 1b?
-21
In base 4, what is -21 - 12?
-33
In base 10, what is -21 - 398?
-419
In base 3, what is 100211001 + 12?
100211020
In base 3, what is -11102 + -11?
-11120
In base 2, what is 111000 + 1?
111001
In base 6, what is 4045 + -4?
4041
In base 8, what is -23 - 11?
-34
In base 8, what is 2 - -451?
453
In base 14, what is 0 + -89?
-89
In base 2, what is -1001010100100 + -100?
-1001010101000
In base 9, what is 2 + 3462?
3464
In base 13, what is -17 - -1?
-16
In base 13, what is -4 - 1b9?
-1c0
In base 16, what is -2 - -2b?
29
In base 12, what is -4 - -794?
790
In base 11, what is 195 + 2?
197
In base 4, what is 2 + -210?
-202
In base 10, what is 12 - 1?
11
In base 5, what is -311 - -11?
-300
In base 10, what is -4 + -216?
-220
In base 4, what is -13221 - 10?
-13231
In base 2, what is 111 + 1010101?
1011100
In base 5, what is 3 + -14433?
-14430
In base 11, what is 3 - 1a33?
-1a30
In base 9, what is 3 + -114?
-111
In base 3, what is -112 + -1001?
-1120
In base 3, what is 1001 + -202?
22
In base 12, what is -2 + 12?
10
In base 15, what is -4 - -6?
2
In base 4, what is -3303 + 0?
-3303
In base 2, what is -100 - -100101100?
100101000
In base 7, what is -22235 - 0?
-22235
In base 4, what is 13111 - 11?
13100
In base 4, what is -11 + -1301?
-1312
In base 7, what is -31 + 4?
-24
In base 6, what is -4 + 1?
-3
In base 9, what is -72 - 5?
-77
In base 5, what is 1 - 1002?
-1001
In base 4, what is -10302 + 11?
-10231
In base 8, what is -241 - -57?
-162
In base 9, what is -5 - 4185?
-4201
In base 7, what is -1312 - -3?
-1306
In base 13, what is -44 + 2?
-42
In base 15, what is -1cc - -5?
-1c7
In base 3, what is 0 - -2121011?
2121011
In base 9, what is -7 - 0?
-7
In base 5, what is -102 + 141?
34
In base 10, what is 26 + 33?
59
In base 13, what is 17a + -2?
178
In base 4, what is 1110210 + 1?
1110211
In base 15, what is 5 + 1da?
1e0
In base 9, what is 27 + -18?
8
In base 16, what is -5 + 162?
15d
In base 13, what is 8c + -5?
87
In base 6, what is 1 + -144?
-143
In base 7, what is 16250 + 2?
16252
In base 8, what is -4 - 2004?
-2010
In base 7, what is 0 - -1064?
1064
In base 9, what is -25 - -16?
-8
In base 15, what is -5 - a09?
-a0e
In base 14, what is -418 + 0?
-418
In base 4, what is -12202 + 3?
-12133
In base 5, what is 2 - 230?
-223
In base 16, what is 1335 + 4?
1339
In base 10, what is 417 + -1?
416
In base 10, what is 19857 - 1?
19856
In base 9, what is -36175 + 2?
-36173
In base 13, what is 449 + -3?
446
In base 2, what is -10010 - 1?
-10011
In base 13, what is -150 - -4?
-149
In base 6, what is 13 + -353?
-340
In base 15, what is 2 + -10?
-d
In base 4, what is -12 + -10010?
-10022
In base 2, what is -10000111100 + -110?
-10001000010
In base 15, what is -1 - -59d?
59c
In base 10, what is -4 - 6177?
-6181
In base 14, what is -3 + 52?
4d
In base 5, what is -22 + 12?
-10
In base 6, what is -2 + -4?
-10
In base 4, what is 21 + 322?
1003
In base 12, what is 6 - -27?
31
In base 13, what is 273a - 3?
2737
In base 12, what is -4 + -35?
-39
In base 14, what is d + 2?
11
In base 9, what is 0 + -3?
-3
In base 5, what is 1 - -112104?
112110
In base 9, what is 7 + 64?
72
In base 14, what is 1a + 30?
4a
In base 7, what is -4041 - 1?
-4042
In base 8, what is 120 - 1?
117
In base 10, what is 2 + 418?
420
In base 8, what is 5 - -1056?
1063
In base 2, what is 1111 + 10100000?
10101111
In base 16, what is 1a - 8?
12
In base 15, what is -1b - -a?
-11
In base 2, what is -101101011 - 11?
-101101110
In base 14, what is 83 + -2?
81
In base 3, what is 1 - 22101?
-22100
In base 10, what is -2981 - 3?
-2984
In base 5, what is -21 + -2?
-23
In base 15, what is 2 + -29?
-27
In base 4, what is 10 + 2000?
2010
In base 7, what is 2 - -4315?
4320
In base 15, what is 157 - 12?
145
In base 4, what is 30220 - -11?
30231
In base 13, what is -243 + 1?
-242
In base 4, what is 13321 + -103?
13212
In base 16, what is 1 - 12?
-11
In base 3, what is 11 + -12101